inder when 1140 is divided by 348.
96
What is the remainder when 28886 is divided by 321?
317
What is the remainder when 155 is divided by 31?
0
Calculate the remainder when 282 is divided by 24.
18
What is the remainder when 11906 is divided by 30?
26
What is the remainder when 720 is divided by 146?
136
Calculate the remainder when 52 is divided by 31.
21
Calculate the remainder when 141 is divided by 58.
25
Calculate the remainder when 459 is divided by 22.
19
Calculate the remainder when 85 is divided by 72.
13
Calculate the remainder when 359 is divided by 343.
16
Calculate the remainder when 80 is divided by 73.
7
Calculate the remainder when 212 is divided by 79.
54
What is the remainder when 187 is divided by 19?
16
What is the remainder when 197 is divided by 10?
7
What is the remainder when 134 is divided by 62?
10
What is the remainder when 57 is divided by 22?
13
Calculate the remainder when 1590 is divided by 37.
36
Calculate the remainder when 643 is divided by 61.
33
Calculate the remainder when 166 is divided by 19.
14
Calculate the remainder when 166 is divided by 17.
13
Calculate the remainder when 66 is divided by 27.
12
Calculate the remainder when 539 is divided by 91.
84
Calculate the remainder when 2238 is divided by 5.
3
What is the remainder when 681 is divided by 141?
117
What is the remainder when 186 is divided by 48?
42
Calculate the remainder when 10 is divided by 6.
4
Calculate the remainder when 4581 is divided by 1132.
53
What is the remainder when 30 is divided by 23?
7
Calculate the remainder when 606 is divided by 10.
6
Calculate the remainder when 2507 is divided by 31.
27
Calculate the remainder when 1332 is divided by 148.
0
Calculate the remainder when 233 is divided by 82.
69
What is the remainder when 127 is divided by 16?
15
Calculate the remainder when 3406 is divided by 95.
81
Calculate the remainder when 214 is divided by 4.
2
Calculate the remainder when 355 is divided by 227.
128
What is the remainder when 827 is divided by 171?
143
Calculate the remainder when 805 is divided by 211.
172
What is the remainder when 728 is divided by 185?
173
Calculate the remainder when 645 is divided by 98.
57
What is the remainder when 1165 is divided by 16?
13
What is the remainder when 223 is divided by 32?
31
What is the remainder when 469 is divided by 47?
46
What is the remainder when 72 is divided by 60?
12
Calculate the remainder when 166 is divided by 2.
0
Calculate the remainder when 195 is divided by 98.
97
Calculate the remainder when 1667 is divided by 167.
164
What is the remainder when 2861 is divided by 9?
8
Calculate the remainder when 39 is divided by 8.
7
What is the remainder when 87 is divided by 8?
7
What is the remainder when 95 is divided by 33?
29
What is the remainder when 155 is divided by 66?
23
Calculate the remainder when 151 is divided by 64.
23
What is the remainder when 569 is divided by 184?
17
Calculate the remainder when 940 is divided by 135.
130
What is the remainder when 363 is divided by 180?
3
What is the remainder when 10 is divided by 10?
0
Calculate the remainder when 85 is divided by 17.
0
Calculate the remainder when 121 is divided by 25.
21
Calculate the remainder when 140 is divided by 19.
7
What is the remainder when 240 is divided by 41?
35
What is the remainder when 890 is divided by 125?
15
Calculate the remainder when 64 is divided by 11.
9
What is the remainder when 11546 is divided by 9?
8
Calculate the remainder when 2128 is divided by 71.
69
Calculate the remainder when 2046 is divided by 57.
51
What is the remainder when 767 is divided by 35?
32
What is the remainder when 104 is divided by 27?
23
Calculate the remainder when 139 is divided by 69.
1
Calculate the remainder when 472 is divided by 95.
92
What is the remainder when 613 is divided by 67?
10
Calculate the remainder when 300 is divided by 25.
0
Calculate the remainder when 8960 is divided by 54.
50
What is the remainder when 649 is divided by 29?
11
What is the remainder when 314 is divided by 21?
20
What is the remainder when 570 is divided by 97?
85
Calculate the remainder when 78 is divided by 10.
8
What is the remainder when 158 is divided by 53?
52
Calculate the remainder when 439 is divided by 40.
39
What is the remainder when 65 is divided by 25?
15
What is the remainder when 975 is divided by 215?
115
What is the remainder when 221 is divided by 34?
17
What is the remainder when 778 is divided by 15?
13
What is the remainder when 50091 is divided by 99?
96
Calculate the remainder when 128 is divided by 28.
16
What is the remainder when 976 is divided by 166?
146
What is the remainder when 51518 is divided by 161?
159
What is the remainder when 154 is divided by 29?
9
Calculate the remainder when 1073 is divided by 24.
17
What is the remainder when 34 is divided by 12?
10
Calculate the remainder when 634 is divided by 11.
7
Calculate the remainder when 172 is divided by 35.
32
What is the remainder when 1966 is divided by 16?
14
Calculate the remainder when 139 is divided by 129.
10
What is the remainder when 105 is divided by 32?
9
Calculate the remainder when 123 is divided by 64.
59
What is the remainder when 85 is divided by 45?
40
Calculate the remainder when 669 is divided by 258.
153
What is the remainder when 244 is divided by 48?
4
Calculate the remainder when 443 is divided by 215.
13
What is the remainder when 1029 is divided by 173?
164
Calculate the remainder when 344 is divided by 30.
14
What is the remainder when 442 is divided by 23?
5
What is the remainder when 46 is divided by 12?
10
What is the remainder when 64 is divided by 17?
13
Calculate the remainder when 892 is divided by 5.
2
What is the remainder when 1245 is divided by 29?
27
Calculate the remainder when 592 is divided by 18.
16
What is the remainder when 67 is divided by 23?
21
Calculate the remainder when 208 is divided by 99.
10
Calculate the remainder when 1571 is divided by 312.
11
Calculate the remainder when 251 is divided by 86.
79
Calculate the remainder when 2698 is divided by 20.
18
Calculate the remainder when 164 is divided by 28.
24
What is the remainder when 769 is divided by 546?
223
What is the remainder when 1517 is divided by 497?
26
What is the remainder when 454 is divided by 98?
62
What is the remainder when 12 is divided by 11?
1
Calculate the remainder when 145 is divided by 14.
5
Calculate the remainder when 106 is divided by 80.
26
What is the remainder when 303 is divided by 16?
15
Calculate the remainder when 109 is divided by 28.
25
What is the remainder when 348 is divided by 89?
81
What is the remainder when 1104 is divided by 361?
21
What is the remainder when 640 is divided by 24?
16
Calculate the remainder when 125 is divided by 61.
3
Calculate the remainder when 205 is divided by 41.
0
What is the remainder when 832 is divided by 148?
92
What is the remainder when 12901 is divided by 23?
21
Calculate the remainder when 92 is divided by 49.
43
What is the remainder when 439 is divided by 9?
7
What is the remainder when 548 is divided by 156?
80
What is the remainder when 308 is divided by 146?
16
What is the remainder when 82 is divided by 36?
10
What is the remainder when 1028 is divided by 322?
62
Calculate the remainder when 373 is divided by 17.
16
Calculate the remainder when 3414 is divided by 1138.
0
Calculate the remainder when 1013 is divided by 76.
25
Calculate the remainder when 169 is divided by 5.
4
Calculate the remainder when 1185 is divided by 86.
67
What is the remainder when 2489 is divided by 29?
24
What is the remainder when 74 is divided by 21?
11
Calculate the remainder when 431 is divided by 54.
53
Calculate the remainder when 1256 is divided by 70.
66
Calculate the remainder when 815 is divided by 39.
35
What is the remainder when 78 is divided by 50?
28
What is the remainder when 202 is divided by 40?
2
What is the remainder when 811 is divided by 133?
13
What is the remainder when 6158 is divided by 158?
154
Calculate the remainder when 880 is divided by 26.
22
What is the remainder when 17198 is divided by 80?
78
Calculate the remainder when 518 is divided by 24.
14
Calculate the remainder when 465 is divided by 142.
39
What is the remainder when